19
Suppose 3*u - 3*g - 6075 = 0, -g - 12126 = -6*u - 3*g. List the prime factors of u.
2, 3, 337
Suppose 4*v - m = 4*m - 23, 0 = 4*v + 4*m + 32. What are the prime factors of (v + (-2 - -8)/(-2))*-17?
2, 5, 17
Suppose -5*q - 4*q + 648 = 0. Suppose 0*f = -3*f + q. What are the prime factors of f?
2, 3
Suppose 3*v = 1210 + 8252. Suppose -16*c - 1090 = -v. What are the prime factors of c?
3, 43
Let g(c) = -1216*c**3 + c**2 + 2*c + 1. What are the prime factors of g(-1)?
2, 19
Suppose 0 = 5*w + f - 23105, -4*w + 18484 = 31*f - 27*f. List the prime factors of w.
4621
Let c(n) be the second derivative of n**4/6 + n**3/3 + n**2 - 3*n - 21. Suppose 0 = -3*r + 9 - 0. What are the prime factors of c(r)?
2, 13
Let x = 674 - 277. List the prime factors of x.
397
What are the prime factors of (153/12)/((-39)/(-14248))?
2, 17, 137
Let c be ((-55)/(-22))/((-15)/(-12)). Suppose c*y = -a + 185, -4*a - 6*y + y + 749 = 0. List the prime factors of a.
191
Let x = -870 - -1600. What are the prime factors of x?
2, 5, 73
Let m(d) = -3*d - 15. Let z(i) = -i**3 - 5*i**2 - 2*i. Let f be z(-4). What are the prime factors of m(f)?
3
Let p(w) = -w + 14. Let d be p(14). Suppose 2*x - 20 = -d*x. List the prime factors of (0 - (-5 - -1))*x.
2, 5
Let n(f) = 7*f + 31. Let h be (63/12)/(3/4). List the prime factors of n(h).
2, 5
Suppose -k + 17 = 2. Let q = 3 + k. List the prime factors of q.
2, 3
Let x(z) = 6*z + 14. Let g be x(-7). Let s(m) = -5*m - 1. Let v be s(1). What are the prime factors of g/(-6) - 2/v?
5
Let j(x) = 34*x - 3 + 3. Let m(k) = -5*k**2 - 48*k - 26. Let g be m(-9). List the prime factors of j(g).
2, 17
Suppose 12*i = -12*i + 14496. List the prime factors of i.
2, 151
Let c = 7659 - 4564. List the prime factors of c.
5, 619
Let d(l) = l**2 + l - 40. Let x be d(0). Let b(v) = -6*v + 8. Let g be b(-10). Let z = x + g. What are the prime factors of z?
2, 7
What are the prime factors of 2344 - (2 - 0 - (18 + -12))?
2, 587
Suppose 3*m - 2491 = -5*p, -3*p - 8*m = -4*m - 1488. List the prime factors of p.
2, 5
Suppose -u + 3*u = 484. Suppose 4*m + 3*f = f + u, m - 3*f = 43. List the prime factors of m.
2, 29
Let i(y) = -24*y - 41. What are the prime factors of i(-10)?
199
Let l(o) = o**2 - 3. Let k be l(-2). Let h be k + (-4)/4 + -1. What are the prime factors of 116/5 + h/5?
23
Suppose -i + 2*v + 19 = -3*v, -13 = -4*i - v. Suppose -3*k + 14 = i*k. Suppose k*h - 23 = -y, 2*h - 2*y - y - 11 = 0. List the prime factors of h.
2, 5
Let a(h) = 2*h**2 - 4*h + 3. Let v be a(2). Let t(p) = 0*p**2 - 2*p**3 + 5*p**v - 2*p**3 - 7*p**2 - 7*p + 4. What are the prime factors of t(8)?
2, 3
Let y = 995 + -551. What are the prime factors of y?
2, 3, 37
Suppose 3*v - 37 = 17. Suppose v*h = 13*h + 610. List the prime factors of h.
2, 61
Let w(x) = -5*x - 32. Let b be w(-6). Let m(a) = -27*a**3 - a**2 - 4*a + 3. What are the prime factors of m(b)?
223
Let k be ((-9)/(-6))/((7/110)/7). Suppose -9 = -2*g + 4*n + k, -2*g - 5*n = -219. What are the prime factors of g?
97
Let r(d) = 6*d - 11. Let v(p) = -p**2 - 13*p - 25. Let i be v(-10). Let z be r(i). Suppose -117 = -4*q + z. What are the prime factors of q?
2, 17
Let j = 22 + -12. Suppose -j = -5*a - 5. List the prime factors of a*(3 + (31 - 3)).
31
Let p(y) = y**3 - 12*y**2 + 11*y + 6. Let r be p(11). Let m be 15/r - 5/10. What are the prime factors of 23*-1*(m - 3)?
23
Let d be 4*(-113 + 1)/(-1 - -2). List the prime factors of (4/3)/(-2 + d/(-222)).
2, 37
Suppose -x + 2830 + 3469 = 5*r, 0 = -5*r - 5*x + 6315. What are the prime factors of r?
1259
Let j(i) = -12*i**3 - i**2 + 3*i + 2. Let c be j(3). Let n = -91 - -63. List the prime factors of (c/n)/((-1)/(-6)).
3, 23
Suppose 0 = 3*j - 3, t - 179 = -2*t + 4*j. Let p = t - 40. What are the prime factors of p?
3, 7
Let z be 96/18 - (-4)/(-3). Let j be 0/(1*z/(-4)). Suppose j = 3*d + 2 - 125. List the prime factors of d.
41
Let i be (0 - 6/15)*1075*-1. Let t = i + -270. What are the prime factors of t?
2, 5
Let d(w) = w**2 + 16*w - 15. Suppose -51 = 5*g + 39. List the prime factors of d(g).
3, 7
Suppose 1125 = 3*h + 4*w, -5*w + w - 770 = -2*h. Let s = -256 + h. What are the prime factors of s?
3, 41
Let i(k) = -4*k - 1. Let f be i(-2). Suppose 235 = -2*a + f*a. Let u = -11 + a. List the prime factors of u.
2, 3
What are the prime factors of (-2)/20*2 + 31864/70?
5, 7, 13
Let v be (10/(-2) + 1)/(-1). Suppose -13*b + 3618 = -v*b. Suppose 4*d - b = -2*d. List the prime factors of d.
67
Suppose -p - 3*o = -10, -5*o = 5*p - 26 - 4. Suppose 542 = 6*f - f + 3*w, 2*f = -p*w + 214. List the prime factors of f.
109
Suppose 2*v + 1 + 3 = 0. Let w be (1*v)/((-4)/8). Suppose -w*r - 4*l + 89 = 17, 78 = 5*r + 2*l. List the prime factors of r.
2, 7
Suppose -2*m - 4*d + 59 = m, 5*d - 100 = -5*m. Let o = m - 11. List the prime factors of o.
2, 5
Suppose -5*o - 2394 + 4879 = 0. List the prime factors of o.
7, 71
Suppose -7596 = -2*n - 892. What are the prime factors of n?
2, 419
Suppose 172 = -9*v + 11*v. List the prime factors of (v/4)/(7/28).
2, 43
What are the prime factors of 2/((-40)/(-21276)) + (-1)/(-5)?
2, 7, 19
Let f(n) = 11*n**2 + n. Let k be f(-1). Suppose 3*p = k - 22, -5*t = 5*p - 320. Let w = -31 + t. List the prime factors of w.
37
Let g(t) = t**2 - 21*t + 37. Let u be g(24). Let p = 197 - u. List the prime factors of p.
2, 11
Suppose -14*h - 115 = -9*h. Let n = 71 + h. Let o = n - 10. What are the prime factors of o?
2, 19
Suppose -5*u - 228 = 1092. What are the prime factors of (u/10)/((-6)/45)?
2, 3, 11
What are the prime factors of -3*(-39)/(-6)*(1 + -67)?
3, 11, 13
Let o = 1 - 1. Suppose 10 = 5*y, -5*q + o*y + 682 = y. List the prime factors of q.
2, 17
Let u be (72/27)/(2/(-6)). Let b be 36/(-8)*u/12. Suppose -2*n - 37 = -b*n. What are the prime factors of n?
37
Let q(h) = -285*h + 73. List the prime factors of q(-10).
37, 79
Suppose 0 = -5*s + m + 18, 4*s + 3*m + 0 = 22. Suppose -131 = s*p + 53. Let k = p + 77. List the prime factors of k.
31
Let v(a) be the second derivative of -a**5/20 - 2*a**4/3 + a**2/2 + a. Let s be v(-9). Suppose 4*j - s - 14 = 0. What are the prime factors of j?
2, 3
Let z = 37 - 35. Suppose 138 = 2*u - 238. Suppose -t - 5*f + 26 = 0, -z*f - u = -3*t - 25. What are the prime factors of t?
3, 17
What are the prime factors of 1*(2 - (-518 + -6))?
2, 263
Let d be 2/6 - (-18)/27. What are the prime factors of ((-250)/(-10))/(d/9)?
3, 5
Suppose 5*k - 122 - 125 = -3*b, -199 = -4*k - b. Suppose j + 2*g = k, -3*g + 0 = -3. What are the prime factors of j?
2, 3
Let w = -4 + 8. Suppose 3*q - 6 = o, 4*o + 3 + 5 = -w*q. Let n = 9 + q. What are the prime factors of n?
2, 5
Suppose 5*i - 2*i = -g - 77, 231 = -3*g + 2*i. Let r = -22 - g. List the prime factors of r.
5, 11
Suppose 4*a + 5*b - 3624 = 0, a - 4575 = -4*a + 5*b. What are the prime factors of a?
911
Let l be (-2 + -209)*(1 + -1 + -1). Suppose -2*p + 5*f = -137, 5*p + 2*f + l = 8*p. What are the prime factors of p?
71
Suppose 5*b = -70 + 4290. What are the prime factors of b?
2, 211
Suppose 4*n + 2*d + 588 = 0, 742 = -5*n - 0*d + d. Let l = -32 - n. What are the prime factors of l?
2, 29
Suppose -3*y + y + 32 = 0. Let a = y - 122. Let w = 161 + a. What are the prime factors of w?
5, 11
List the prime factors of 4/18 - 553795/(-495).
3, 373
Let i = 16 - 15. Suppose -j + i = -4. Suppose 71 = j*c - 89. List the prime factors of c.
2
Suppose -2*y + 4*b = -8, 0*y + 4*y = 5*b + 7. What are the prime factors of (890/(-20))/(y*3/36)?
3, 89
Suppose 0 = n - 13 - 88. Suppose 3*h + 0*r + 4*r = 121, r = 3*h - n. List the prime factors of h.
5, 7
Let u = 9 + 11. Let x be 3504/10 - (-12)/u. What are the prime factors of 10/(-25) + x/15?
23
Let r(b) = b**3 + 5*b**2 + b - 8. Let a be r(-4). Let c(v) = -4*v + 6*v + 4 + 2*v. What are the prime factors of c(a)?
2, 5
Let u be (-6)/(-1*6/21). Let q = u + -19. Suppose 4 - 2 = 2*h, -5*h - 79 = -q*k. What are the prime factors of k?
2, 3, 7
Suppose -2*a - 12 = -b - 0*a, 4*a + 12 = 0. List the prime factors of 92/1 - (b + -4).
2, 3, 5
Suppose -193 = -8*n + 135. Suppose 3 = -2*a + n. List the prime factors of a.
19
Let z(g) = -19*g + 2. Let h = -15 + 22. Suppose -h*u = -12*u - 5. What are the prime factors of z(u)?
3, 7
Suppose 51 = -6*x + 3. List the prime factors of ((332/x)/((-2)/(-4))